{"id":7072,"date":"2025-10-16T12:14:10","date_gmt":"2025-10-16T09:14:10","guid":{"rendered":"http:\/\/www.arkaraf.com\/kitap\/bakma-fazil-sahin"},"modified":"2025-10-16T12:14:17","modified_gmt":"2025-10-16T09:14:17","slug":"bakma-fazil-sahin","status":"publish","type":"product","link":"http:\/\/www.arkaraf.com\/en\/kitap\/bakma-fazil-sahin","title":{"rendered":"Bakma &#8211; Faz\u0131l \u015eahin"},"content":{"rendered":"<p>&#8220;Korku nedir?&#8221; dedi, sesi k\u0131s\u0131k \u00e7\u0131km\u0131\u015ft\u0131.<\/p>\n<p>&#8220;Korku, g\u00f6r\u00fcnmeyendir,&#8221; dedi kendinden emin bir sesle.<\/p>\n<p>&#8220;G\u00f6r\u00fcnmeyen nedir?&#8221; Titrek sesi, y\u00fcz\u00fcndeki umutla kar\u0131\u015f\u0131k olu\u015fan ifadeye uymuyordu.<\/p>\n<p>&#8220;Sen gibi g\u00f6r\u00fcnen ama sen olmayand\u0131r; sadece aynadaki yans\u0131man ger\u00e7ektir; gerisi yan\u0131lg\u0131d\u0131r,&#8221; y\u00fcz\u00fcnde hafif bir tebess\u00fcm, g\u00f6zlerinde ikna edici bir bak\u0131\u015f belirmi\u015fti ama bu tebess\u00fcm \u00fcrk\u00fct\u00fcc\u00fcyd\u00fc; g\u00f6zlerdeki bak\u0131\u015f ise deliciydi.<\/p>\n<p>&#8220;Anl\u0131yorum, ne yapmal\u0131y\u0131m?&#8221;<\/p>","protected":false},"excerpt":{"rendered":"<p>&#8220;Korku nedir?&#8221; dedi, sesi k\u0131s\u0131k \u00e7\u0131km\u0131\u015ft\u0131. &#8220;Korku, g\u00f6r\u00fcnmeyendir,&#8221; dedi kendinden emin bir sesle. &#8220;G\u00f6r\u00fcnmeyen nedir?&#8221; Titrek sesi, y\u00fcz\u00fcndeki umutla kar\u0131\u015f\u0131k olu\u015fan ifadeye uymuyordu. &#8220;Sen gibi g\u00f6r\u00fcnen ama sen olmayand\u0131r; sadece aynadaki yans\u0131man ger\u00e7ektir; gerisi yan\u0131lg\u0131d\u0131r,&#8221; y\u00fcz\u00fcnde hafif bir tebess\u00fcm, g\u00f6zlerinde ikna edici bir bak\u0131\u015f belirmi\u015fti ama bu tebess\u00fcm \u00fcrk\u00fct\u00fcc\u00fcyd\u00fc; g\u00f6zlerdeki bak\u0131\u015f ise deliciydi. &#8220;Anl\u0131yorum, ne [&hellip;]<\/p>\n","protected":false},"featured_media":7073,"comment_status":"closed","ping_status":"open","template":"","meta":{"inline_featured_image":false},"product_cat":[1019,1033],"product_tag":[],"class_list":{"0":"post-7072","1":"product","2":"type-product","3":"status-publish","4":"has-post-thumbnail","6":"product_cat-edebiyat","7":"product_cat-roman","8":"pa_boyut-135-x-195-cm","9":"pa_dil-turkce","10":"pa_sayfa-sayisi-1319","11":"pa_yayin-tarihi-12-30-2024","12":"pa_yazar-fazil-sahin","14":"first","15":"instock","16":"sale","17":"purchasable","18":"product-type-simple"},"_links":{"self":[{"href":"http:\/\/www.arkaraf.com\/en\/wp-json\/wp\/v2\/product\/7072","targetHints":{"allow":["GET"]}}],"collection":[{"href":"http:\/\/www.arkaraf.com\/en\/wp-json\/wp\/v2\/product"}],"about":[{"href":"http:\/\/www.arkaraf.com\/en\/wp-json\/wp\/v2\/types\/product"}],"replies":[{"embeddable":true,"href":"http:\/\/www.arkaraf.com\/en\/wp-json\/wp\/v2\/comments?post=7072"}],"wp:featuredmedia":[{"embeddable":true,"href":"http:\/\/www.arkaraf.com\/en\/wp-json\/wp\/v2\/media\/7073"}],"wp:attachment":[{"href":"http:\/\/www.arkaraf.com\/en\/wp-json\/wp\/v2\/media?parent=7072"}],"wp:term":[{"taxonomy":"product_cat","embeddable":true,"href":"http:\/\/www.arkaraf.com\/en\/wp-json\/wp\/v2\/product_cat?post=7072"},{"taxonomy":"product_tag","embeddable":true,"href":"http:\/\/www.arkaraf.com\/en\/wp-json\/wp\/v2\/product_tag?post=7072"}],"curies":[{"name":"wp","href":"https:\/\/api.w.org\/{rel}","templated":true}]}}

Bakma &#8211; Fazıl Şahin

<p>&#8220;Korku nedir?&#8221; dedi, sesi kısık çıkmıştı.</p>
<p>&#8220;Korku, görünmeyendir,&#8221; dedi kendinden emin bir sesle.</p>
<p>&#8220;Görünmeyen nedir?&#8221; Titrek sesi, yüzündeki umutla karışık oluşan ifadeye uymuyordu.</p>
<p>&#8220;Sen gibi görünen ama sen olmayandır; sadece aynadaki yansıman gerçektir; gerisi yanılgıdır,&#8221; yüzünde hafif bir tebessüm, gözlerinde ikna edici bir bakış belirmişti ama bu tebessüm ürkütücüydü; gözlerdeki bakış ise deliciydi.</p>
<p>&#8220;Anlıyorum, ne yapmalıyım?&#8221;</p>

<p>&#8220;Korku nedir?&#8221; dedi, sesi kısık çıkmıştı. &#8220;Korku, görünmeyendir,&#8221; dedi kendinden emin bir sesle. &#8220;Görünmeyen nedir?&#8221; Titrek sesi, yüzündeki umutla karışık oluşan ifadeye uymuyordu. &#8220;Sen gibi görünen ama sen olmayandır; sadece aynadaki yansıman gerçektir; gerisi yanılgıdır,&#8221; yüzünde hafif bir tebessüm, gözlerinde ikna edici bir bakış belirmişti ama bu tebessüm ürkütücüydü; gözlerdeki bakış ise deliciydi. &#8220;Anlıyorum, ne [&hellip;]</p>
