{"id":6890,"date":"2025-10-16T12:08:03","date_gmt":"2025-10-16T09:08:03","guid":{"rendered":"http:\/\/www.arkaraf.com\/kitap\/masiva-perdesinden-kayhan-kilic"},"modified":"2025-10-16T12:08:41","modified_gmt":"2025-10-16T09:08:41","slug":"masiva-perdesinden-kayhan-kilic","status":"publish","type":"product","link":"http:\/\/www.arkaraf.com\/en\/kitap\/masiva-perdesinden-kayhan-kilic","title":{"rendered":"Masiva Perdesinden &#8211; Kayhan K\u0131l\u0131\u00e7"},"content":{"rendered":"<p>V\u00e2s\u0131l olmaz kimse Hakk\u2019a c\u00fcmleden d\u00fbr olmadan<br \/>\nKenz a\u00e7\u0131lmaz \u015fol g\u00f6n\u00fclde t\u00e2 ki p\u00fcr-n\u00fbr olmadan<\/p>\n<p>S\u00fcr \u00e7\u0131kar a\u011fy\u00e2r\u0131 dilden t\u00e2 tecell\u00ee ide Hakk<br \/>\nP\u00e2di\u015f\u00e2h konmaz sar\u00e2ya h\u00e2ne ma\u2019m\u00fbr olmadan<\/p>\n<p>\u201cM\u00fbt\u00fb kable en tem\u00fbtu\u201d s\u0131rr\u0131n\u0131 fehm eyleyen<br \/>\nHa\u015fr u ne\u015fri g\u00f6rd\u00fc bunda nefha-i s\u00fbr olmadan<\/p>\n<p>Sen m\u00fcyesser eyle ya Rab bizlere beytin tav\u00e2f<br \/>\n\u0130lmin ile amil eyle v\u00e2de tekmil olmadan<\/p>\n<p>Hak cem\u00e2lin ka\u2019besini k\u0131ld\u0131 \u00e2\u015f\u0131klar tav\u00e2f<br \/>\nYerde Ka\u2019be g\u00f6ky\u00fcz\u00fcnde Beyt-i ma\u2019m\u00fbr olmadan<\/p>\n<p>Mest olup mest\u00e2ne geldim t\u00e2 ezelden t\u00e2 ebed<br \/>\n\u0130\u00e7mi\u015fim a\u015fk\u0131n \u015far\u00e2b\u0131n \u00e2b-\u0131 eng\u00fbr olmadan<\/p>\n<p>Mest olanlar\u0131n kel\u00e2m\u0131 kendinden gelmez vel\u00ee<br \/>\nPes \u201cEne\u2019l Hakk\u201d nice s\u00f6yler ki\u015fi Mans\u00fbr olmadan<\/p>\n<p>Bir acep sevdaya d\u00fc\u015fm\u00fc\u015f tutu\u015fur \u015eems\u00ee m\u00fcd\u00e2m<br \/>\nHakk\u2019a makb\u00fbl olmak ister halka menf\u00fbr olmadan<\/p>\n<p><i><\/i><code>            \u015eemseddin S\u00eev\u00e2si (k.s)<\/code><\/p>","protected":false},"excerpt":{"rendered":"<p>V\u00e2s\u0131l olmaz kimse Hakk\u2019a c\u00fcmleden d\u00fbr olmadan Kenz a\u00e7\u0131lmaz \u015fol g\u00f6n\u00fclde t\u00e2 ki p\u00fcr-n\u00fbr olmadan S\u00fcr \u00e7\u0131kar a\u011fy\u00e2r\u0131 dilden t\u00e2 tecell\u00ee ide Hakk P\u00e2di\u015f\u00e2h konmaz sar\u00e2ya h\u00e2ne ma\u2019m\u00fbr olmadan \u201cM\u00fbt\u00fb kable en tem\u00fbtu\u201d s\u0131rr\u0131n\u0131 fehm eyleyen Ha\u015fr u ne\u015fri g\u00f6rd\u00fc bunda nefha-i s\u00fbr olmadan Sen m\u00fcyesser eyle ya Rab bizlere beytin tav\u00e2f \u0130lmin ile amil [&hellip;]<\/p>\n","protected":false},"featured_media":6891,"comment_status":"closed","ping_status":"open","template":"","meta":{"inline_featured_image":false},"product_cat":[1020,1019],"product_tag":[],"class_list":{"0":"post-6890","1":"product","2":"type-product","3":"status-publish","4":"has-post-thumbnail","6":"product_cat-siir","7":"product_cat-edebiyat","8":"pa_boyut-135-x-195-cm","9":"pa_dil-turkce","10":"pa_sayfa-sayisi-669","11":"pa_yayin-tarihi-2-27-2024","12":"pa_yazar-kayhan-kilic","14":"first","15":"instock","16":"sale","17":"purchasable","18":"product-type-simple"},"_links":{"self":[{"href":"http:\/\/www.arkaraf.com\/en\/wp-json\/wp\/v2\/product\/6890","targetHints":{"allow":["GET"]}}],"collection":[{"href":"http:\/\/www.arkaraf.com\/en\/wp-json\/wp\/v2\/product"}],"about":[{"href":"http:\/\/www.arkaraf.com\/en\/wp-json\/wp\/v2\/types\/product"}],"replies":[{"embeddable":true,"href":"http:\/\/www.arkaraf.com\/en\/wp-json\/wp\/v2\/comments?post=6890"}],"wp:featuredmedia":[{"embeddable":true,"href":"http:\/\/www.arkaraf.com\/en\/wp-json\/wp\/v2\/media\/6891"}],"wp:attachment":[{"href":"http:\/\/www.arkaraf.com\/en\/wp-json\/wp\/v2\/media?parent=6890"}],"wp:term":[{"taxonomy":"product_cat","embeddable":true,"href":"http:\/\/www.arkaraf.com\/en\/wp-json\/wp\/v2\/product_cat?post=6890"},{"taxonomy":"product_tag","embeddable":true,"href":"http:\/\/www.arkaraf.com\/en\/wp-json\/wp\/v2\/product_tag?post=6890"}],"curies":[{"name":"wp","href":"https:\/\/api.w.org\/{rel}","templated":true}]}}

Masiva Perdesinden &#8211; Kayhan Kılıç

<p>Vâsıl olmaz kimse Hakk’a cümleden dûr olmadan<br />
Kenz açılmaz şol gönülde tâ ki pür-nûr olmadan</p>
<p>Sür çıkar ağyârı dilden tâ tecellî ide Hakk<br />
Pâdişâh konmaz sarâya hâne ma’mûr olmadan</p>
<p>“Mûtû kable en temûtu” sırrını fehm eyleyen<br />
Haşr u neşri gördü bunda nefha-i sûr olmadan</p>
<p>Sen müyesser eyle ya Rab bizlere beytin tavâf<br />
İlmin ile amil eyle vâde tekmil olmadan</p>
<p>Hak cemâlin ka’besini kıldı âşıklar tavâf<br />
Yerde Ka’be gökyüzünde Beyt-i ma’mûr olmadan</p>
<p>Mest olup mestâne geldim tâ ezelden tâ ebed<br />
İçmişim aşkın şarâbın âb-ı engûr olmadan</p>
<p>Mest olanların kelâmı kendinden gelmez velî<br />
Pes “Ene’l Hakk” nice söyler kişi Mansûr olmadan</p>
<p>Bir acep sevdaya düşmüş tutuşur Şemsî müdâm<br />
Hakk’a makbûl olmak ister halka menfûr olmadan</p>
<p><i></i><code>            Şemseddin Sîvâsi (k.s)</code></p>

<p>Vâsıl olmaz kimse Hakk’a cümleden dûr olmadan Kenz açılmaz şol gönülde tâ ki pür-nûr olmadan Sür çıkar ağyârı dilden tâ tecellî ide Hakk Pâdişâh konmaz sarâya hâne ma’mûr olmadan “Mûtû kable en temûtu” sırrını fehm eyleyen Haşr u neşri gördü bunda nefha-i sûr olmadan Sen müyesser eyle ya Rab bizlere beytin tavâf İlmin ile amil [&hellip;]</p>
